{"id":1877,"date":"2020-09-15T09:11:59","date_gmt":"2020-09-15T07:11:59","guid":{"rendered":"https:\/\/new.cotmec.ch\/?page_id=1877"},"modified":"2024-06-15T15:26:03","modified_gmt":"2024-06-15T13:26:03","slug":"public-eye-db","status":"publish","type":"page","link":"https:\/\/cotmec.ch\/?page_id=1877","title":{"rendered":"Public Eye (DB)"},"content":{"rendered":"<h3><a href=\"https:\/\/www.publiceye.ch\/fr\/\" target=\"_blank\" rel=\"noopener noreferrer\">Lien vers Public Eye.<\/a>\u00a0\u00a0\u00a0\u00a0\u00a0 Pesticides<\/h3>\n<h3><a href=\"https:\/\/www.publiceye.ch\/fr\/action\/signez-lappel-aux-enseignes-de-la-mode\" target=\"_blank\" rel=\"noopener noreferrer\">SIGNONS L&rsquo;APPEL AUX ENSEIGNES DE LA MODE<\/a>: Les enseignes ne doivent pas reporter le poids de la crise sanitaire du Covid-19 sur les ouvri\u00e8res.<\/h3>\n<h3>NON AUX SALAIRES DE MIS\u00e8RE: interpellez les enseignes de la mode. <a href=\"https:\/\/www.publiceye.ch\/fr\/thematiques\/vetements\/lexploitation-pas-notre-style\" target=\"_blank\" rel=\"noopener noreferrer\">Plus de d\u00e9tails ici.<\/a><\/h3>\n<h3>Syngenta profite de la faiblesse des r\u00e8glementations dans des pays comme le Br\u00e9sil ou l\u2019Inde pour y vendre des pesticides dangereux, dont bon nombre sont interdits en Suisse car jug\u00e9s trop toxiques.<\/h3>\n<h3>Signez la p\u00e9tition de Public Eye pour faire pression sur Syngenta et les autorit\u00e9s suisses : pas de profit au d\u00e9triment de la sant\u00e9 de millions de personnes !<br \/>\n<a href=\"http:\/\/www.stop-pesticides.ch\/\">www.stop-pesticides.ch<\/a><br \/>\nMerci de votre soutien.<\/h3>\n<h3><strong>Initiative de rectification contre les exportations d&rsquo;armes<\/strong> dans les pays en guerre civile.<\/h3>\n<h3>Novembre 2018: <a href=\"https:\/\/www.publiceye.ch\/fr\/medias\/communique-de-presse\/liaisons_dangereuses_et_montages_opaques_comment_vitol_est_devenu_le_roi_du_petrole_au_kazakhstan\/\" target=\"_blank\" rel=\"noopener noreferrer\">Nouvelle enqu\u00eate: Vitol, roi du p\u00e9trole.<\/a><\/h3>\n<h3><strong>PUBLIC EYE (DB)<\/strong>:<br \/>\npour des m\u00e9dicaments abordables \u2013&gt; la p\u00e9tition a \u00e9t\u00e9 sign\u00e9 par 33&rsquo;103 personnes. <a href=\"https:\/\/www.publiceye.ch\/fr\/medias\/communique-de-presse\/plus_de_33_000_personnes_appellent_le_conseil_federal_a_prendre_des_mesures_contre_les_prix_exorbitants_des_medicaments\/\" target=\"_blank\" rel=\"noopener noreferrer\">Plus de d\u00e9tails<\/a>.<\/h3>\n<h3><\/h3>\n<p>&nbsp;<\/p>\n","protected":false},"excerpt":{"rendered":"<p>Lien vers Public Eye.\u00a0\u00a0\u00a0\u00a0\u00a0 Pesticides SIGNONS L&rsquo;APPEL AUX ENSEIGNES DE LA MODE: Les enseignes ne doivent pas reporter le poids de la crise sanitaire du Covid-19 sur les ouvri\u00e8res. NON AUX SALAIRES DE MIS\u00e8RE: interpellez les enseignes de la mode. <a href=\"https:\/\/cotmec.ch\/?page_id=1877\" class=\"read-more\">Lire plus &#8230;<\/a><\/p>\n","protected":false},"author":5,"featured_media":0,"parent":0,"menu_order":0,"comment_status":"closed","ping_status":"closed","template":"","meta":{"footnotes":""},"class_list":["post-1877","page","type-page","status-publish","hentry"],"_links":{"self":[{"href":"https:\/\/cotmec.ch\/index.php?rest_route=\/wp\/v2\/pages\/1877"}],"collection":[{"href":"https:\/\/cotmec.ch\/index.php?rest_route=\/wp\/v2\/pages"}],"about":[{"href":"https:\/\/cotmec.ch\/index.php?rest_route=\/wp\/v2\/types\/page"}],"author":[{"embeddable":true,"href":"https:\/\/cotmec.ch\/index.php?rest_route=\/wp\/v2\/users\/5"}],"replies":[{"embeddable":true,"href":"https:\/\/cotmec.ch\/index.php?rest_route=%2Fwp%2Fv2%2Fcomments&post=1877"}],"version-history":[{"count":24,"href":"https:\/\/cotmec.ch\/index.php?rest_route=\/wp\/v2\/pages\/1877\/revisions"}],"predecessor-version":[{"id":4782,"href":"https:\/\/cotmec.ch\/index.php?rest_route=\/wp\/v2\/pages\/1877\/revisions\/4782"}],"wp:attachment":[{"href":"https:\/\/cotmec.ch\/index.php?rest_route=%2Fwp%2Fv2%2Fmedia&parent=1877"}],"curies":[{"name":"wp","href":"https:\/\/api.w.org\/{rel}","templated":true}]}}