{"id":62,"date":"2012-10-22T12:00:08","date_gmt":"2012-10-22T10:00:08","guid":{"rendered":"http:\/\/cotmec.wordpress.com\/?page_id=62"},"modified":"2023-03-24T09:52:49","modified_gmt":"2023-03-24T07:52:49","slug":"paix","status":"publish","type":"page","link":"https:\/\/cotmec.ch\/?page_id=62","title":{"rendered":"Paix"},"content":{"rendered":"<div class=\"page\" title=\"Page 1\"><\/div>\n<h2 class=\"page\" title=\"Page 2\"><a href=\"https:\/\/cotmec.ch\/wp-content\/uploads\/2018\/07\/Paix-GE.jpg\"><img loading=\"lazy\" decoding=\"async\" class=\"alignnone wp-image-1841 size-full\" src=\"https:\/\/cotmec.ch\/wp-content\/uploads\/2018\/07\/Paix-GE.jpg\" alt=\"\" width=\"1440\" height=\"1080\" srcset=\"https:\/\/cotmec.ch\/wp-content\/uploads\/2018\/07\/Paix-GE.jpg 1440w, https:\/\/cotmec.ch\/wp-content\/uploads\/2018\/07\/Paix-GE-300x225.jpg 300w, https:\/\/cotmec.ch\/wp-content\/uploads\/2018\/07\/Paix-GE-768x576.jpg 768w, https:\/\/cotmec.ch\/wp-content\/uploads\/2018\/07\/Paix-GE-1024x768.jpg 1024w\" sizes=\"(max-width: 1440px) 100vw, 1440px\" \/><\/a><\/h2>\n<h2 class=\"page\" title=\"Page 2\"><a href=\"https:\/\/cotmec.ch\/wp-content\/uploads\/2018\/03\/Nouvelles-de-lInitiative-de-Gene\u0300ve.pdf\" target=\"_blank\" rel=\"noopener noreferrer\">Quelques nouvelles de l&rsquo;Initiative de Gen\u00e8ve pour la paix dans les Grands Lacs\u00a0\u00a0<\/a><\/h2>\n<h4 class=\"page\" title=\"Page 2\">Laurien Ntezimana- \u00a0 septembre 2017<\/h4>\n<p>&nbsp;<\/p>\n<h2><\/h2>\n<h2><b>GRANDS LACS: INITIATIVE DE GENEVE POUR LA PAIX<\/b><\/h2>\n<h3>Comment d\u00e9passer les clivages ethniques consid\u00e9r\u00e9s comme le n\u0153ud \u00e0 l\u00b4origine des antagonismes et des conflits dans la r\u00e9gion des Grands Lacs (Burundi, Kivu\/R\u00e9publique D\u00e9mocratique du Congo et Rwanda) ? Comment b\u00e2tir la confiance et renouer le lien social \u00e0 partir des activit\u00e9s privil\u00e9giant l&rsquo;int\u00e9r\u00eat commun, au-del\u00e0 des barri\u00e8res ethniques et nationales?<\/h3>\n<h3>Taraud\u00e9 par ces questions et anim\u00e9 de la conviction qu\u00b4il existe dans cette r\u00e9gion un r\u00e9el potentiel de paix, un permanent de la COTMEC a lanc\u00e9 l\u00b4Initiative de Gen\u00e8ve pour la paix dans les Grands Lacs. Concr\u00e9tis\u00e9 lors d\u00b4une premi\u00e8re rencontre \u00e0 Gen\u00e8ve en avril 2003, ce projet a donn\u00e9 naissance \u00e0 un r\u00e9seau multiethnique de personnes originaires de cette r\u00e9gion, engag\u00e9es ensemble pour la promotion de la paix et du mieux-vivre ensemble. Responsables d\u00b4ONGs, militants des droits humains, universitaires, m\u00e9decins ou journalistes, les membres de ce r\u00e9seau vivent dans les Grands Lacs ou appartiennent \u00e0 la diaspora.<\/h3>\n<h3>A nouveau r\u00e9unis en 2004, ces ouvriers de paix ont adopt\u00e9 une strat\u00e9gie d\u00b4action. Se d\u00e9finissant comme un espace de concertation et de mobilisation, le r\u00e9seau a d\u00e9cid\u00e9 de se doter d\u00b4une structure \u0153uvrant \u00e0 la germination de projets de terrain. Une dizaine de graines de projets ont ainsi \u00e9t\u00e9 amen\u00e9es dans le panier commun, dans des domaines aussi vari\u00e9s que les \u00e9changes intercommunautaires, les droits de la personne et la promotion de m\u00e9dias responsables et citoyens.<\/h3>\n<h3>En partenariat avec <a href=\"http:\/\/www.eirenesuisse.ch\/\">EIRENE<\/a> Suisse, la COTMEC continue de suivre cette campagne.<\/h3>\n<p>&nbsp;<\/p>\n<h2><b>LES PROJETS<\/b><\/h2>\n<h2><b>Publication<\/b><\/h2>\n<h3>La COTMEC a collabor\u00e9 avec l&rsquo;Initiative de Gen\u00e8ve sur le projet de livre <b><a href=\"https:\/\/cotmec.ch\/?page_id=70\" target=\"_blank\" rel=\"noopener noreferrer\">\u00ab\u00a0D\u00e9passer la haine, reconstruire la paix\u00a0\u00bb<\/a>. Edit\u00e9 en 2011<br \/>\n<\/b><\/h3>\n<h3>Sandra Korol, dramaturge et Serge Boulaz, photographe,\u00a0 sont all\u00e9s \u00e0 la rencontre de personnes de la r\u00e9gion des Grands Lacs dont la vie a \u00e9t\u00e9 marqu\u00e9e par la guerre, la fuite ou l\u2019exil mais qui ont gard\u00e9 une enti\u00e8re humanit\u00e9. L\u2019auteure a collect\u00e9 et mis en forme les t\u00e9moignages recueillis et le photographe a mis en relief la sensibilit\u00e9 de la th\u00e9matique au travers de portraits noir-blanc.<br \/>\nL\u2019aboutissement est un recueil m\u00ealant textes, photos et t\u00e9moignages audios, formidable outil de promotion de la paix et de dialogue dans la r\u00e9gion des Grands Lacs.<\/h3>\n<p>&nbsp;<\/p>\n<h2><b>Acc\u00e8s \u00e0 la justice<\/b><\/h2>\n<h3>Le projet <b>\u00ab Favoriser l&rsquo;acc\u00e8s \u00e0 la justice des populations vuln\u00e9rables du Nord-Kivu \u00bb<\/b>. Il est port\u00e9 par un collectif local d&rsquo;avocats engag\u00e9s pour les droits humains, le Centre pour la Formation et la Promotion des Droits de l&rsquo;homme, le CFPD. Ce projet agit \u00e0 deux niveaux : promouvoir en amont la r\u00e9solution non-violente des conflits et am\u00e9liorer la capacit\u00e9 de la population \u00e0 recouvrer ses droits.<br \/>\nConcr\u00e8tement, le CFPD offre un service d&rsquo;assistance juridique gratuit pour les personnes vuln\u00e9rables, m\u00e8ne des visites r\u00e9guli\u00e8res au p\u00e9nitencier de Goma pour \u00e9valuer les conditions de d\u00e9tention et lutter contre l&rsquo;engorgement de l&rsquo;\u00e9tablissement et forme actuellement des parajuristes dans les domaines des droits humains, p\u00e9nal et civil, ainsi qu&rsquo;aux proc\u00e9dures de r\u00e8glement \u00e0 l&rsquo;amiable des conflits.<\/h3>\n<h2><b>Th\u00e9rapie sociale dans le contexte rwandais<\/b><\/h2>\n<h3>L\u2019Association Modeste et Innocent au Rwanda et Eirene Suisse \u00e0 Gen\u00e8ve mettent sur pied dans la r\u00e9gion une formation en <b>Th\u00e9rapie sociale,<\/b> destin\u00e9e \u00e0 des leaders interm\u00e9diaires au Rwanda issus de diff\u00e9rents milieux et institutions jouant un r\u00f4le dans la promotion de la paix dans ce pays: ONG, administration publique, \u00e9glises, \u00e9coles&#8230;<br \/>\nCette approche permet aux participants d\u2019acqu\u00e9rir des outils qui leur permettent d&rsquo;intervenir aupr\u00e8s de diff\u00e9rents groupes au sein desquels les personnes souffrent et \u00e9prouvent parfois de la haine, et de travailler avec eux dans un objectif de r\u00e9conciliation et de reconstruction. Outre les modules de formations, les participants sont suivis et encadr\u00e9s dans la mise en pratique des m\u00e9thodes de th\u00e9rapie sociale dans leurs milieux respectifs.<\/h3>\n<p>&nbsp;<\/p>\n","protected":false},"excerpt":{"rendered":"<p>Quelques nouvelles de l&rsquo;Initiative de Gen\u00e8ve pour la paix dans les Grands Lacs\u00a0\u00a0 Laurien Ntezimana- \u00a0 septembre 2017 &nbsp; GRANDS LACS: INITIATIVE DE GENEVE POUR LA PAIX Comment d\u00e9passer les clivages ethniques consid\u00e9r\u00e9s comme le n\u0153ud \u00e0 l\u00b4origine des antagonismes <a href=\"https:\/\/cotmec.ch\/?page_id=62\" class=\"read-more\">Lire plus &#8230;<\/a><\/p>\n","protected":false},"author":1,"featured_media":0,"parent":13,"menu_order":3,"comment_status":"closed","ping_status":"open","template":"","meta":{"footnotes":""},"class_list":["post-62","page","type-page","status-publish","hentry"],"_links":{"self":[{"href":"https:\/\/cotmec.ch\/index.php?rest_route=\/wp\/v2\/pages\/62"}],"collection":[{"href":"https:\/\/cotmec.ch\/index.php?rest_route=\/wp\/v2\/pages"}],"about":[{"href":"https:\/\/cotmec.ch\/index.php?rest_route=\/wp\/v2\/types\/page"}],"author":[{"embeddable":true,"href":"https:\/\/cotmec.ch\/index.php?rest_route=\/wp\/v2\/users\/1"}],"replies":[{"embeddable":true,"href":"https:\/\/cotmec.ch\/index.php?rest_route=%2Fwp%2Fv2%2Fcomments&post=62"}],"version-history":[{"count":17,"href":"https:\/\/cotmec.ch\/index.php?rest_route=\/wp\/v2\/pages\/62\/revisions"}],"predecessor-version":[{"id":3834,"href":"https:\/\/cotmec.ch\/index.php?rest_route=\/wp\/v2\/pages\/62\/revisions\/3834"}],"up":[{"embeddable":true,"href":"https:\/\/cotmec.ch\/index.php?rest_route=\/wp\/v2\/pages\/13"}],"wp:attachment":[{"href":"https:\/\/cotmec.ch\/index.php?rest_route=%2Fwp%2Fv2%2Fmedia&parent=62"}],"curies":[{"name":"wp","href":"https:\/\/api.w.org\/{rel}","templated":true}]}}